d 72.
9
Let q = -5 - -12. Let t(h) = -h + 1 - q + 1 + 2*h. Let b be t(9). What is the highest common divisor of 44 and b?
4
Suppose -p = 2*p. Suppose -4 + p = -n. Let i be -1 - -28 - 7/(-7). Calculate the highest common factor of n and i.
4
Let n(j) = -j + 1. Let a be n(-6). Suppose -2*r - m + 131 = 0, -4*r = -2*r + 3*m - 141. What is the greatest common factor of r and a?
7
Suppose -2*v - 4 = -4. Suppose v*i + 16 = 4*i, -2*w + 10 = -5*i. What is the highest common factor of 135 and w?
15
Let i(x) = x**3 - 6*x**2 - 4*x + 10. Let u be i(7). Let k be (5/(-3))/(1*2/(-186)). What is the greatest common divisor of u and k?
31
Suppose -4*c + 25 = s, 0*c + s = 4*c - 23. Let a be 1*3 + (2 - c - -9). Calculate the highest common divisor of a and 20.
4
Let r be 30/21 - 8/(-14). Let u be (17/r)/((-6)/(-12)). Suppose -100 = -2*b + 36. What is the highest common divisor of b and u?
17
Suppose 5*r - 2*r - 477 = 5*o, -2*r = -4*o - 318. Suppose 11 = -b + r. What is the greatest common divisor of 37 and b?
37
Let r(i) = 41*i - 1063. Let x be r(26). Let q(a) = -a**2 + 11*a + 3. Let d be q(6). Calculate the highest common divisor of d and x.
3
Suppose -2*x + 10 = 2. Suppose 75 = x*v + p, -5*v + 3*p + 84 = p. Let b(w) = w**3 + 2*w**2 - w. Let z be b(-2). Calculate the greatest common factor of z and v.
2
Let d be (-4 - -2) + 0 - -18. Let b(u) = -u**3 - 8*u**2 - 9*u - 40. Let q be b(-8). What is the greatest common divisor of d and q?
16
Let u = 8 - 4. Let t be (-2)/14 - (-1545)/35. What is the highest common factor of u and t?
4
Suppose 3*c + 6 = 21, -5*x + 950 = -4*c. Suppose 0 = -4*r + x - 38. Calculate the highest common factor of 78 and r.
39
Let w(i) = 48*i - 96. Let q be w(12). What is the greatest common factor of q and 60?
60
Let s(t) = t**3 - 43*t**2 + 12. Let z be s(43). What is the highest common divisor of 2796 and z?
12
Let b(g) = g**2 - 4*g - 18. Let k be b(-6). Suppose k - 12 = 3*y. What is the highest common divisor of y and 20?
10
Let w be (-280)/(-32) - (-6)/(-8). What is the greatest common factor of 68 and w?
4
Let q = -788 + 1719. What is the highest common divisor of q and 19?
19
Suppose 3*t = -3*u + 162, u = -3*t - 48 + 208. Let o = 74 - t. Calculate the greatest common divisor of o and 14.
7
Let j = 931 + -739. Calculate the greatest common factor of 448 and j.
64
Suppose s = 2*h + 34, -3*s + 4*h = 8*h - 52. Suppose 0 = 3*c - 5*c + s. Calculate the highest common divisor of c and 84.
12
Let j be 123 + (-18)/(-15)*(-5)/(-2). Calculate the greatest common factor of j and 56.
14
Let r(v) = -v**2 - 13*v + 1. Let o be r(-13). Let y be 1/(-3) + 32/6. Suppose -2*u + u + x = -y, 16 = 2*u + x. What is the greatest common divisor of o and u?
1
Let w(r) = r**2 - 3*r. Let m be w(6). Let f(i) = 26*i - 259. Let u be f(11). What is the greatest common factor of u and m?
9
Suppose 24*w - 1967 + 671 = 0. Calculate the highest common divisor of w and 135.
27
Let i = -2401 + 3873. What is the greatest common divisor of i and 23?
23
Let q be ((-120)/36)/(2/6). Let s be (-11)/((-4)/q - (-81)/(-90)). Let m be (-2*1)/(1 - 2). Calculate the highest common divisor of s and m.
2
Suppose -3*p + 666 = -83*n + 81*n, -4*p + 888 = -5*n. Calculate the greatest common divisor of p and 370.
74
Let a = 22 + -19. Suppose 0 = 3*y + 5*x - 47, -a*y - 4*x + 0*x = -52. Let c = y + 10. What is the greatest common divisor of c and 51?
17
Let f = -147 - -371. Calculate the highest common divisor of 56 and f.
56
Suppose 2*d = 3*i - 171, 3*i + i - 3*d - 228 = 0. Let n be 3/18*i + (-2)/(-4). What is the greatest common factor of n and 20?
10
Suppose -5*c = 4*d - 59 - 318, 5*c - 4*d - 353 = 0. Let l = -49 + c. Let v(h) = 16*h + 4. Let r be v(2). Calculate the greatest common factor of l and r.
12
Let x = -357 - -362. Calculate the highest common divisor of x and 135.
5
Suppose -4*b - b = 2*r + 564, 3*b + 3*r + 342 = 0. Let c = 201 + b. Suppose c = l + 9. Calculate the highest common factor of 20 and l.
20
Suppose m + 30 = -4*m. Let d(j) = j**3 + 7*j**2 + 6*j + 4. Let o be d(m). Let l be 20/(-8)*(-4)/10. Calculate the greatest common divisor of o and l.
1
Let v(s) = -3*s - 7. Let t be v(-7). Let m(q) = 10 + 5*q + q**3 - 7*q**2 + 0*q**3 - 16. Let x be m(8). What is the greatest common divisor of x and t?
14
Let x = 10 - 8. Suppose 4*u - 4*o + 36 = 0, -x*o + 21 = -2*u - o. Let w be u/(-48) + (-43)/(-4). Calculate the highest common divisor of 121 and w.
11
Suppose 3*x = 2 + 4, -u = -3*x - 92. Calculate the greatest common factor of u and 112.
14
Suppose -5*z + 22 + 28 = 5*b, 3*b - 10 = z. Suppose b*n + 27 = 2*j, 29 = 2*j - 4*n + 1. What is the highest common factor of 16 and j?
16
Let r be ((-111)/6)/((-1)/6). Let p be 38 - ((-2)/(-10) - (-128)/160). Calculate the highest common divisor of p and r.
37
Let m = -226 - -276. Calculate the highest common divisor of m and 6.
2
Let q = -360 + 391. Calculate the highest common divisor of q and 93.
31
Let a(t) = -t**3 - 9*t**2 - 10*t - 3. Let q = 2 + -10. Let k be a(q). Let x = -4 + k. What is the greatest common divisor of x and 72?
9
Let l be 2/6 - 84/(-18) - -6. What is the greatest common factor of 671 and l?
11
Suppose -28 + 160 = 11*a. Calculate the highest common divisor of 540 and a.
12
Let q(p) = -8*p - 6. Let c(x) = -2*x**2 + 9*x - 6. Let j be c(4). Let d be q(j). Calculate the highest common factor of d and 70.
10
Suppose 18 = k - 0*k. Let o be (-5 + (-57)/(-15))/(4/(-30)). Calculate the greatest common divisor of o and k.
9
Let b = -1450 - -1513. What is the highest common divisor of b and 1008?
63
Let b(f) = -59*f - 7. Suppose -4 = m + 1. Let n be b(m). What is the highest common divisor of n and 36?
36
Let v(o) = 67*o**2 - 21*o - 74. Let q be v(-6). What is the greatest common divisor of q and 77?
77
Suppose -2*w = -3*f - 674 + 70, 2*w - 576 = -4*f. Calculate the highest common factor of w and 8.
8
Suppose 32*x - 1984 = -0*x. What is the greatest common factor of x and 31?
31
Suppose -5*i - 17*v + 13*v = -75, -v = i - 15. What is the highest common divisor of 27 and i?
3
Let f(i) = 8*i + 117. Let j be f(16). What is the greatest common divisor of j and 70?
35
Suppose -1164 - 1344 = -33*c. What is the greatest common divisor of c and 1748?
76
Suppose 2*m - 2 = 4. Suppose 3*p - 18 = 9*p. Let z be 1*(p/(-2))/(3/2). Calculate the highest common divisor of z and m.
1
Let t be ((-12)/(-9))/((-54)/(-567)). Calculate the greatest common factor of 21 and t.
7
Let s(y) = -2*y + 12. Let m be s(3). Let w(d) = -d + 5. Let j be w(2). Calculate the highest common divisor of m and j.
3
Let o be 438/(-24)*-4 - -5. Calculate the greatest common divisor of 12 and o.
6
Let t be 1538/7 + (-4)/(-14). Suppose i = 6*i - t. Let b(u) = -2*u**2 - 34*u + 4. Let z be b(-17). What is the highest common factor of z and i?
4
Let h = 35 - 33. Let o be h/(-3) - 412/(-6). Calculate the highest common factor of 4 and o.
4
Suppose 13*x - 63*x = -36800. Calculate the highest common factor of 92 and x.
92
Let c = -22 - -25. Let j be (16/c)/((-10)/(-225)). Calculate the greatest common divisor of j and 48.
24
Let a be -9*1*20/6. Let f be (36/a)/(4/(-90)). Let p be (0 + -2)*1188/(-8). Calculate the greatest common divisor of p and f.
27
Let i be 15*((-1)/(-1) - 9/15). Suppose m - 2 = i. What is the highest common factor of 20 and m?
4
Let n = -426 + 609. What is the greatest common divisor of 61 and n?
61
Suppose -134*z + 123 = -131*z. Calculate the greatest common divisor of 369 and z.
41
Let b(c) = -c - 10. Let x = 6 - 22. Let a be b(x). Suppose 7*f - 5*f - 96 = 0. Calculate the greatest common factor of a and f.
6
Let c(y) = -y**3 + 3*y**2 - 2*y + 1. Let z be c(2). Let n be (-23)/(-4) + z*3/12. Calculate the greatest common divisor of n and 54.
6
Let a be 242/16 + (-5)/40. Suppose 198 = a*d - 13*d. What is the greatest common divisor of d and 11?
11
Let s be 3 + 7 + (-10 - -5). Suppose 3*f = s*v + 148, 5*f = v + 64 + 190. Calculate the highest common factor of f and 17.
17
Let w = 25 - 14. Let z = -2 - -24. What is the greatest common factor of z and w?
11
Let a = 1753 + -1224. What is the highest common divisor of 69 and a?
23
Suppose -5*c + 4*u + 91 = 0, c + 40 = 3*c + 2*u. Let s = c + -1. Let n be (-2)/(156/81 + -2). What is the greatest common divisor of n and s